{"id":119,"date":"2013-06-06T07:43:22","date_gmt":"2013-06-06T05:43:22","guid":{"rendered":"http:\/\/www.legalus.net\/kan\/?page_id=119"},"modified":"2015-11-09T01:09:34","modified_gmt":"2015-11-08T23:09:34","slug":"zalieji-virtuves-stebuklai","status":"publish","type":"page","link":"https:\/\/www.legalus.net\/kan\/zalieji-virtuves-stebuklai","title":{"rendered":"\u017dalieji virtuv\u0117s stebuklai"},"content":{"rendered":"<p>\u017dalioji virtuv\u0117 reikalauja kur kas daugiau laiko ir pastang\u0173 nei bong\u2019o prikim\u0161imas ar suktin\u0117s suvyniojimas. Taigi, kam tas vargas? Na, vis\u0173 pirma &#8211; tai smagu ir lavina j\u016bs\u0173 vaizduot\u0119; be to, marihuanos valgymas turi ir kit\u0173 privalum\u0173.<\/p>\n<p>Akivaizdus valgymo prana\u0161umas prie\u0161 r\u016bkym\u0105 yra tas, kad j\u016bs nenuodijate savo kv\u0117pavimo tak\u0173 ir plau\u010di\u0173 d\u016bmuose esan\u010diomis kenksmingomis med\u017eiagomis. Tai ypa\u010d aktualu ner\u016bkantiems marihuanos myl\u0117tojams. Kita vertus, kiekvieno plau\u010diai visada labiau d\u017eiaugiasi tyro oro gurk\u0161niu nei d\u016bmais.<\/p>\n<p>Konspiracija yra antra \u017eolini\u0173 sausaini\u0173 valgymo s\u0105junginink\u0117. Marihuanos d\u016bmo kvapas i\u0161lieka ma\u017eiausiai pusvaland\u012f automobilyje, bute, laiptin\u0117je, ar kitoje u\u017edaroje patalpoje. Tuo tarpu valgydami \u0161okoladu apliet\u0105 \u201ekuzmy\u010di\u0173\u201c naktiniame klube j\u016bs tikrai nekvep\u0117site bong\u2019u. Atkrinta ir b\u016btinyb\u0117 ki\u0161en\u0117se ne\u0161iotis vis\u0105 r\u016bkymo inventori\u0173 &#8211; popieriukus suktin\u0117ms ar smirdan\u010di\u0105 pypk\u0119 bei pat\u012f stuff\u2019\u0105. Geriau jau b\u016bti laisvu Drug War rezistentu nei kalin\u010dia auka.<\/p>\n<p>Jei j\u016bs ar j\u016bs\u0173 draugai u\u017esiima auginimu, \u017ealioji virtuv\u0117 yra itin geras b\u016bdas taupyti. Vis\u0173 pirma, valgymui galima suvartoti visus pa\u0161alinius auginimo produktus, t.y. vyri\u0161kus augalus, nereikalingus lapus ir \u0161akas. Be to, nurinkus galvas, visada lieka \u201e\u0161aluchos\u201c (lap\u0173 ir \u0161ak\u0173), kuri virtuvei tinka tikrai geriau nei r\u016bkymui.<\/p>\n<p>Marihuanos valgymas laikomas taupiu vartojimo b\u016bdu dar ir d\u0117l to, kad organizmas tokiu b\u016bdu \u012fsisavina daugiau THC. Be to, valgant ilgiau \u201eve\u017ea\u201c \u2013 priklausomai nuo individo tolerancijos ir gaminant sunaudoto \u017eol\u0117s kiekio, \u201e\u0161ilta\u201c b\u016bsena gali i\u0161likti nuo \u0161e\u0161i\u0173 iki \u0161e\u0161iolikos valand\u0173.<\/p>\n<p>Valgymas yra tikrai priimtinesn\u0117 THC \u012fsisavinimo forma nei r\u016bkymas dar ir tada, kai kanap\u0117s vartojamos medicininiais tikslais. B\u016bt\u0173 i\u0161ties kvaila ter\u0161ti ligonio plau\u010dius d\u016bmais, ypa\u010d kai jo imunitetas ir taip nusilp\u0119s.<\/p>\n<p>Ta\u010diau THC valgymas turi ir tris pagrindinius tr\u016bkumus:<\/p>\n<p>Pirma, kaip ir r\u016bkant, nuo suvalgytos \u017eol\u0117s jums paraus akys, i\u0161saus\u0117s burna, ir sukils alkio jausmas.<\/p>\n<p>Antra, dauguma recept\u0173 reikalauja nuo 3,5g iki 14g \u017ealiavos. Jei esate priversti \u0161elpti \u201emafij\u0105\u201c ir pirktis stuff\u2018\u0105 gatv\u0117s kainomis, ha\u0161i\u0161iniai meduoliai jums brangiai kainuos.<\/p>\n<p>Tre\u010dia, valgant poveikis prasideda ne i\u0161 karto. Prireikia pusvaland\u017eio ar visos valandos, kol pary\u0161k\u0117ja spalvos ir pradedi \u201et\u016bpinti\u201c.<\/p>\n<p>Geriau net nebandykite valgyti nevirtos\/nekeptos \u017eol\u0117s. Tokiu b\u016bdu tik suerzinsite skrand\u012f, o malonumo bus nulis. Taip pat geriau negadinkite marihuanos bandydami i\u0161 jos i\u0161sivirti arbatos. Taip, THC suaktyv\u0117ja tik auk\u0161toje temperat\u016broje, ta\u010diau \u0161i med\u017eiaga netirpsta vandenyje \u2013 tam, kad ji i\u0161tirpt\u0173, reikalingi riebalai. Juk visa \u017ealioji virtuv\u0117 remiasi b\u016btent tuo, kad kanap\u0117se esantis neaktyvus THC auk\u0161toje temperat\u016broje pereina \u012f aktyvi\u0105 savo form\u0105 ir i\u0161tirpsta riebaluose. Tod\u0117l visi su kanap\u0117mis pagaminti valgiai tikrai n\u0117ra ma\u017eai riebal\u0173 turintis dietiniai produktai; kita vertus, niekas j\u0173 kilogramais ir ne\u0117da:)<\/p>\n<p>Aktyvuotas THC gana greitai skyla \u012f psichotropi\u0161kai neaktyvias med\u017eiagas. Taip pat aktyvusis THC turi tris pagrindinius prie\u0161us: \u0161vies\u0105, kar\u0161t\u012f ir or\u0105. Tod\u0117l kanapinius gaminius bei \u017eali\u0105 sviest\u0105 geriausia b\u016bt\u0173 laikyti sandarioje d\u0117\u017eut\u0117je \u0161aldytuve.<\/p>\n<p>Ha\u0161i\u0161as, marihuana, ar \u201e\u0161alucha\u201c visada b\u016bna skirting\u0173 stiprum\u0173, tod\u0117l nustatyti j\u0173 tiksl\u0173 kiek\u012f vienam ar kitam receptui yra ne\u012fmanoma. Ties\u0105 sakant, visa kulinarija yra ne aklas recept\u0173 \u012fvykdymas, o menas ir galimyb\u0117 panaudoti j\u016bs\u0173 fantazij\u0105. Eksperimentavimas ir mokymasis i\u0161 savo klaid\u0173 yra pats geriausias mokytojas ir naujovi\u0173 k\u016br\u0117jas. Tod\u0117l nepabijokite receptuose keisti ingredient\u0173 ar j\u0173 kieki\u0173; kurkite ir jums bus atlyginta:)<\/p>\n<p>Jeigu jau pasiry\u0161ite i\u0161bandyti patiekal\u0105 su kanabinoliais, privalote b\u016bti labai atsarg\u016bs.<\/p>\n<p>Yra kvaila pirm\u0105 kart\u0105 valgyti patiekalus su MJ, jeigu \u0161alimais n\u0117ra apie tai nusimanan\u010dio. Valgant, kitaip negu pu\u010diant, poveikis pasirei\u0161kia ne i\u0161 karto, o po 0,5-4 valand\u0173. Kadangi ne\u012fmanoma nepaband\u017eius tiksliai apskai\u010diuot doz\u0117s vienam asmeniui, sav\u0119s ne\u012fvertinus, &#8220;nuotykis&#8221; gali pasibaigti apsinuodijimu ir organizmo \u0161oku. Tokiu atveju b\u016bt\u0173 geriausia spjauti \u012f konspiracij\u0105 ir i\u0161sikviesti medik\u0173 pagalb\u0105. Pats poveikis b\u016bna gilus ir stiprus bei da\u017eniausiai baigiasi visi\u0161ka &#8220;stoned&#8221; b\u016bsena.<\/p>\n<p>Kad neb\u016bt\u0173 specifinio prieskonio, i\u0161 kanapi\u0173 i\u0161renkamos s\u0117klas. Jose yra gausu aliejaus, kuris savo sud\u0117tyje visi\u0161kai neturi THC ar kito aktyvaus kanabinolo.<\/p>\n<p>Gaminat valg\u012f, patalpos b\u016bna gerai ventiliuojamos, nes kanap\u0117ms verdant skleid\u017eiasi specifinis, pakankamai \u0161leik\u0161tus kvapas, kuris, tik baigus virti, labai greitai i\u0161sisklaido.<\/p>\n<p>IR JEI JAU JUMS PAVYKO TAPTI TIKRU KANAPI\u0172 KULINARU, NEVAI\u0160INKITE SAVO FANTAZIJOS VAISIAIS KIT\u0172, PRIE\u0160 TAI NEPERSP\u0116J\u0118. PADORUMAS DABAR GAL IR NELABAI MADINGAS, O NIEK\u0160\u0172 VISTIEK NIEKAS NEM\u0116GSTA IR KAI GALI &#8211; NAIKINA!<\/p>\n<p>Nepamir\u0161kite, kad saiko netur\u0117jimas yra kvailumo po\u017eymis. Neleiskite norams valdyti jus &#8211; patys valdykite juos!<\/p>\n<p>Informacij\u0105 pareng\u0117: @tsip\u016bsk<\/p>\n","protected":false},"excerpt":{"rendered":"<p>\u017dalioji virtuv\u0117 reikalauja kur kas daugiau laiko ir pastang\u0173 nei bong\u2019o prikim\u0161imas ar suktin\u0117s suvyniojimas. Taigi, kam tas vargas? Na, vis\u0173 pirma &#8211; tai smagu ir lavina j\u016bs\u0173 vaizduot\u0119; be to, marihuanos valgymas turi ir kit\u0173 privalum\u0173. Akivaizdus valgymo prana\u0161umas prie\u0161 r\u016bkym\u0105 yra tas, kad j\u016bs nenuodijate savo kv\u0117pavimo tak\u0173 ir plau\u010di\u0173 d\u016bmuose esan\u010diomis kenksmingomis [&hellip;]<\/p>\n","protected":false},"author":2,"featured_media":0,"parent":0,"menu_order":0,"comment_status":"closed","ping_status":"closed","template":"","meta":{"footnotes":""},"class_list":["post-119","page","type-page","status-publish","hentry"],"_links":{"self":[{"href":"https:\/\/www.legalus.net\/kan\/wp-json\/wp\/v2\/pages\/119","targetHints":{"allow":["GET"]}}],"collection":[{"href":"https:\/\/www.legalus.net\/kan\/wp-json\/wp\/v2\/pages"}],"about":[{"href":"https:\/\/www.legalus.net\/kan\/wp-json\/wp\/v2\/types\/page"}],"author":[{"embeddable":true,"href":"https:\/\/www.legalus.net\/kan\/wp-json\/wp\/v2\/users\/2"}],"replies":[{"embeddable":true,"href":"https:\/\/www.legalus.net\/kan\/wp-json\/wp\/v2\/comments?post=119"}],"version-history":[{"count":2,"href":"https:\/\/www.legalus.net\/kan\/wp-json\/wp\/v2\/pages\/119\/revisions"}],"predecessor-version":[{"id":270,"href":"https:\/\/www.legalus.net\/kan\/wp-json\/wp\/v2\/pages\/119\/revisions\/270"}],"wp:attachment":[{"href":"https:\/\/www.legalus.net\/kan\/wp-json\/wp\/v2\/media?parent=119"}],"curies":[{"name":"wp","href":"https:\/\/api.w.org\/{rel}","templated":true}]}}