{"id":127,"date":"2013-06-06T07:47:56","date_gmt":"2013-06-06T05:47:56","guid":{"rendered":"http:\/\/www.legalus.net\/kan\/?page_id=127"},"modified":"2013-06-06T07:47:56","modified_gmt":"2013-06-06T05:47:56","slug":"pyragas-misko-pasaka","status":"publish","type":"page","link":"https:\/\/www.legalus.net\/kan\/pyragas-misko-pasaka","title":{"rendered":"Pyragas &#8220;Mi\u0161ko pasaka&#8221;"},"content":{"rendered":"<p>\u0160is receptukas yra labai paprastas ir efektyvus, tod\u0117l yra labiausiai mano pam\u0117gtas. Draugai j\u012f vadina &#8220;Mi\u0161ko Pasaka&#8221;. Jei panorai i\u0161bandyti \u2013 nepating\u0117k pasidaryti!:P<\/p>\n<p>Pienelis:<\/p>\n<p>Paimkite 4-5 litr\u0173 puod\u0105 ir pripresuokite lietuvi\u0161k\u0173 kanapi\u0173 (gali b\u016bti k\u0105 tik nuskintos arba d\u017eiovintos; geriausiai veikia rugpj\u016b\u010dio pabaigoj arba rugs\u0117jo m\u0117nes\u012f skintos kanap\u0117s). Kanapes u\u017epilkite pienu taip, kad jos b\u016bt\u0173 vos vos apsemtos; reik\u0117s ma\u017edaug 3-3,5 litr\u0173 pieno (geriausiai tinka naminis pienas, nes jis riebesnis; tokiu b\u016bdu tu gausi daugiau vitamin\u0173 \u2013 kanabinolio:)). Gaut\u0105 mi\u0161in\u012f virkite apie tris valandas.<\/p>\n<p>Pavirus vien\u0105 valand\u0105, kai suma\u017e\u0117s pieno ir kanap\u0117s jau bus truput\u012f apvirusios, \u012fd\u0117kite 400-500 gram\u0173 sviesto (sviestas taip pat geriausiai tinka naminis:)). Tada virkite dar apie dvi valandas; tokiu b\u016bdu liks ma\u017eiau pieno ir gausis kokybi\u0161kesnis produktas. Nepamir\u0161kite verdant pastoviai mai\u0161yti, kad neprisvilt\u0173!<\/p>\n<p>Baigus virti, gaut\u0105 mas\u0119 gerai perko\u0161kite. Gaut\u0105 pienel\u012f supilkite \u012f ind\u0105; po kurio laiko, kai pienelis atv\u0117sta, inde nusistovi sviestas \u2013 jame kanabinolio koncentracija did\u017eiausia, tod\u0117l \u0161\u012f sviest\u0105 b\u016btinai panaudokite, kai mai\u0161ysite te\u0161l\u0105!<br \/>\n!WARNING! Nepilkite kar\u0161to pienelio \u012f stiklin\u012f ind\u0105, nes jis gali sutr\u016bkti.<\/p>\n<p>Pyragas:<\/p>\n<p>Dabar, kai jau turite pienel\u012f, galite u\u017emai\u0161yti te\u0161l\u0105 pyragui:).<\/p>\n<p>Jums reik\u0117s:<\/p>\n<p>4-5 kiau\u0161ini\u0173;<br \/>\n0,6-0,7 litro i\u0161sivirto kanapi\u0173 pienelio;<br \/>\n0,5-1 stiklin\u0117s cukraus (taip pat galite naudoti uogien\u0119 arba sirup\u0105);<br \/>\n10-20 gram\u0173 vanilinio cukraus;<br \/>\nma\u017edaug 400-500 gram\u0173 milt\u0173;<br \/>\n0,5-1 arbatinio \u0161auk\u0161telio kepimo milteli\u0173;<br \/>\njei norite, galite \u012fd\u0117ti \u012fvairi\u0173 pried\u0173, pvz. obuoli\u0173, razin\u0173, rie\u0161ut\u0173, ir pan.<\/p>\n<p>Gaminimas:<\/p>\n<p>Gerai i\u0161plakite kiau\u0161inius, tada sud\u0117kite paprast\u0105 ir vanilin\u012f cukr\u0173, ir mai\u0161ykite tol, kol cukrus i\u0161tirpsta. Supilkite kanapin\u012f pienel\u012f ir visk\u0105 gerai i\u0161mai\u0161ykite. Palaipsniui pilkite miltus (po 1-2 stiklines), tuo pat metu gerai mai\u0161ydami. Turi gautis nei per skysta, nei per tir\u0161ta te\u0161la:). Sud\u0117kite kepimo miltelius, i\u0161mai\u0161ykite, ir, jei naudojate, sud\u0117kite priedus (razinas, rie\u0161utus, ir t.t.). Te\u0161la paruo\u0161ta \u2013 belieka kepimo skard\u0105 i\u0161tepti aliejumi. Tada skard\u0105 \u012fkaitinkite orkait\u0117je, supilkite te\u0161l\u0105, ir kepkite apie 45-60 min. (jei ne\u017einote, ar pyragas i\u0161kep\u0119s, patikrinimui \u012fsmeikite \u012f pyrago vidur\u012f degtuk\u0105. Jei i\u0161traukus degtukas aplip\u0119s pyragu \u2013 dar reikia kepti, jei sausas \u2013 pyragas jau i\u0161kep\u0119s).<\/p>\n<p>Dozavimas:<\/p>\n<p>Koks tiksliai, negaliu pasakyti, nes kaskart skirtingai gaunasi; pabandykit suvalgyti ma\u017edaug 3-4 degtuk\u0173 d\u0117\u017eut\u0117s dyd\u017eio gabaliukus, ir kai po 1-1,5 valandos prad\u0117s vir\u0161kinti, lauktas atpildas tur\u0117t\u0173 ateiti:) hmm hmm atatatataii\u2026:)<\/p>\n<p>Neting\u0117kite ir pabandykite pasidaryti sau \u0161vent\u0119 \u2013 gal\u0117site ne tik patys paskanauti \u0161io ne\u012fprasto pyrago, bet ir pavai\u0161inti savo gerus draugus:)<\/p>\n","protected":false},"excerpt":{"rendered":"<p>\u0160is receptukas yra labai paprastas ir efektyvus, tod\u0117l yra labiausiai mano pam\u0117gtas. Draugai j\u012f vadina &#8220;Mi\u0161ko Pasaka&#8221;. Jei panorai i\u0161bandyti \u2013 nepating\u0117k pasidaryti!:P Pienelis: Paimkite 4-5 litr\u0173 puod\u0105 ir pripresuokite lietuvi\u0161k\u0173 kanapi\u0173 (gali b\u016bti k\u0105 tik nuskintos arba d\u017eiovintos; geriausiai veikia rugpj\u016b\u010dio pabaigoj arba rugs\u0117jo m\u0117nes\u012f skintos kanap\u0117s). Kanapes u\u017epilkite pienu taip, kad jos b\u016bt\u0173 [&hellip;]<\/p>\n","protected":false},"author":2,"featured_media":0,"parent":0,"menu_order":0,"comment_status":"closed","ping_status":"closed","template":"","meta":{"footnotes":""},"class_list":["post-127","page","type-page","status-publish","hentry"],"_links":{"self":[{"href":"https:\/\/www.legalus.net\/kan\/wp-json\/wp\/v2\/pages\/127","targetHints":{"allow":["GET"]}}],"collection":[{"href":"https:\/\/www.legalus.net\/kan\/wp-json\/wp\/v2\/pages"}],"about":[{"href":"https:\/\/www.legalus.net\/kan\/wp-json\/wp\/v2\/types\/page"}],"author":[{"embeddable":true,"href":"https:\/\/www.legalus.net\/kan\/wp-json\/wp\/v2\/users\/2"}],"replies":[{"embeddable":true,"href":"https:\/\/www.legalus.net\/kan\/wp-json\/wp\/v2\/comments?post=127"}],"version-history":[{"count":1,"href":"https:\/\/www.legalus.net\/kan\/wp-json\/wp\/v2\/pages\/127\/revisions"}],"predecessor-version":[{"id":128,"href":"https:\/\/www.legalus.net\/kan\/wp-json\/wp\/v2\/pages\/127\/revisions\/128"}],"wp:attachment":[{"href":"https:\/\/www.legalus.net\/kan\/wp-json\/wp\/v2\/media?parent=127"}],"curies":[{"name":"wp","href":"https:\/\/api.w.org\/{rel}","templated":true}]}}