{"id":129,"date":"2013-06-06T07:48:43","date_gmt":"2013-06-06T05:48:43","guid":{"rendered":"http:\/\/www.legalus.net\/kan\/?page_id=129"},"modified":"2013-06-06T07:48:43","modified_gmt":"2013-06-06T05:48:43","slug":"omletas-lietuviskai","status":"publish","type":"page","link":"https:\/\/www.legalus.net\/kan\/omletas-lietuviskai","title":{"rendered":"Omletas lietuvi\u0161kai"},"content":{"rendered":"<p>1 porcijai reik\u0117s:<\/p>\n<p>~230g kiaulienos de\u0161ros;<br \/>\n~230g \u017ealio sviesto;<br \/>\n2 vidutinio dyd\u017eio supjaustyt\u0173 bulvi\u0173;<br \/>\n1 smulkiai supjaustyto svog\u016bno;<br \/>\n1 supjaustytos \u017ealios sald\u017eiosios paprikos;<br \/>\n8 kiau\u0161ini\u0173;<br \/>\n~60g tarkuoto lydyto s\u016brio.<\/p>\n<p>Gaminimas:<\/p>\n<p>De\u0161r\u0105 supjaustykite riekel\u0117mis ir pakepinkite. Kai apskrus, nuvarvinkite riebalus ir pasid\u0117kite \u012f \u0161al\u012f &#8211; prireiks v\u0117liau. \u012ep\u016bskite. Atsipalaiduokite. Kai u\u017esimanysite valgyti, prisiminkite, kur pasid\u0117jote de\u0161r\u0105. Skanaus. O! Juk j\u016bs dar turite paprikos ir s\u016brio&#8230; Tik \u017eali\u0105 sviest\u0105 ir kiau\u0161inius pad\u0117kite atgal \u012f \u0161aldytuv\u0105. O ko dar \u0161aldytuve turite?<\/p>\n","protected":false},"excerpt":{"rendered":"<p>1 porcijai reik\u0117s: ~230g kiaulienos de\u0161ros; ~230g \u017ealio sviesto; 2 vidutinio dyd\u017eio supjaustyt\u0173 bulvi\u0173; 1 smulkiai supjaustyto svog\u016bno; 1 supjaustytos \u017ealios sald\u017eiosios paprikos; 8 kiau\u0161ini\u0173; ~60g tarkuoto lydyto s\u016brio. Gaminimas: De\u0161r\u0105 supjaustykite riekel\u0117mis ir pakepinkite. Kai apskrus, nuvarvinkite riebalus ir pasid\u0117kite \u012f \u0161al\u012f &#8211; prireiks v\u0117liau. \u012ep\u016bskite. Atsipalaiduokite. Kai u\u017esimanysite valgyti, prisiminkite, kur pasid\u0117jote de\u0161r\u0105. [&hellip;]<\/p>\n","protected":false},"author":2,"featured_media":0,"parent":0,"menu_order":0,"comment_status":"closed","ping_status":"closed","template":"","meta":{"footnotes":""},"class_list":["post-129","page","type-page","status-publish","hentry"],"_links":{"self":[{"href":"https:\/\/www.legalus.net\/kan\/wp-json\/wp\/v2\/pages\/129","targetHints":{"allow":["GET"]}}],"collection":[{"href":"https:\/\/www.legalus.net\/kan\/wp-json\/wp\/v2\/pages"}],"about":[{"href":"https:\/\/www.legalus.net\/kan\/wp-json\/wp\/v2\/types\/page"}],"author":[{"embeddable":true,"href":"https:\/\/www.legalus.net\/kan\/wp-json\/wp\/v2\/users\/2"}],"replies":[{"embeddable":true,"href":"https:\/\/www.legalus.net\/kan\/wp-json\/wp\/v2\/comments?post=129"}],"version-history":[{"count":1,"href":"https:\/\/www.legalus.net\/kan\/wp-json\/wp\/v2\/pages\/129\/revisions"}],"predecessor-version":[{"id":130,"href":"https:\/\/www.legalus.net\/kan\/wp-json\/wp\/v2\/pages\/129\/revisions\/130"}],"wp:attachment":[{"href":"https:\/\/www.legalus.net\/kan\/wp-json\/wp\/v2\/media?parent=129"}],"curies":[{"name":"wp","href":"https:\/\/api.w.org\/{rel}","templated":true}]}}