{"id":24,"date":"2013-06-05T01:50:59","date_gmt":"2013-06-04T23:50:59","guid":{"rendered":"http:\/\/www.legalus.net\/kan\/?page_id=24"},"modified":"2013-06-06T08:18:41","modified_gmt":"2013-06-06T06:18:41","slug":"daiginimas","status":"publish","type":"page","link":"https:\/\/www.legalus.net\/kan\/daiginimas","title":{"rendered":"Daiginimas"},"content":{"rendered":"<p>Daiginimo b\u016bd\u0173 yra daug. Papra\u0161\u010diausiai jums reikia pasirinkti labiausiai patinkant\u012f.<\/p>\n<p>Kanapi\u0173 s\u0117kl\u0173 daiginimui reikalinga dr\u0117gm\u0117, \u0161iluma ir tamsa. Naudokite \u0161var\u0173 (filtruot\u0105, virint\u0105, nusistov\u0117jus\u012f) vanden\u012f, o  geriausiai &#8211; distiliuot\u0105. Dauguma miest\u0173 vandentiekiai turi ger\u0105, \u0161var\u0173 vanden\u012f, neutraliu pH, kuris yra tinkamas daiginimui.<\/p>\n<p>Nedidelis kiekis chloro yra naudingas, kad u\u017emu\u0161t\u0173 vandenyje esan\u010dius parazitus ir bakterijas. Jei vietinis vandentiekis tiekia vanden\u012f kurio tiesiai i\u0161 krano negeriate, tuomet tokio vandens nenaudokite ir s\u0117kl\u0173 daiginimui. Galima naudoti plastikiniuose buteliuose prekiaujam\u0105 vanden\u012f, be joki\u0173 pried\u0173 ir priemai\u0161\u0173.<\/p>\n<h3>Daiginimas popieriniuose rank\u0161uos\u010diuose<\/h3>\n<p>Daugelis \u017emoni\u0173 geriausius daiginimo rezultatus pasiekia s\u0117klas daigindami tarp keli\u0173 sluoksni\u0173 popierini\u0173 rank\u0161luos\u010di\u0173, sudr\u0117kintu kambario temperat\u016bros vandens. Daiginamos s\u0117klos turi b\u016bti laikomos tamsioje, \u0161iltoje vietoje (18.5 C &#8211; 26.5 C laipsni\u0173 [65-80 F]). Daiginimui patogiausia naudoti dvi virtuvines lek\u0161tutes.<\/p>\n<p>S\u0117klas tikrinkite kas 12 valand\u0173. Jei popieriniai rank\u0161luos\u010diai \u0161iek tiek i\u0161saus\u0117ja, jas reikia v\u0117l sudr\u0117kinti. \u012eprastai s\u0117klos &#8220;praskyla&#8221; per 48 valandas. <b>Kai tik pasimato pradin\u0117 balta \u0161aknel\u0117, nustokite mirkyti rank\u0161uolst\u012f.<\/b> S\u0117klos jau pasiruo\u0161usios augti. Jei vis dar dr\u0117kinsite rank\u0161luos\u010dius, po \u0161aknel\u0117s i\u0161lindimo, galite sukelti augalui stres\u0105 ir padaryti kitoki\u0173 \u017eal\u0173 dar augalui net neprad\u0117jus augti.<\/p>\n<p>Sodinkite s\u0117klas \u012f \u0161vari\u0105, PH subalansuot\u0105 \u017eem\u0119 ar \u017eemi\u0173 mi\u0161in\u012f. \u017dem\u0117s turi b\u016bti lengvos, su geru drena\u017eu. Mes rekomenduojame mi\u0161in\u012f su perlitu, vermikulitu ir samanomis (sphagnum moss). \u0160is mi\u0161inys gali b\u016bti naudojamas vienas arba gali b\u016bti sumai\u0161ytas su sterelizuotomis lengvomis \u017eem\u0117mis.<\/p>\n<p>S\u0117klos turi b\u016bti sodinamos 0,5 &#8211; 1,5 cm \u012f \u017eem\u0119 (1\/4 1\/2 coliai), bent jau 10 cm (4 coli\u0173) gylio vazon\u0117lyje, kad pagrindin\u0117 \u0161aknis gal\u0117t\u0173 laisvai augti tiesiai \u017e\u0117myn. Vazon\u0117lis turi tur\u0117ti drena\u017eo skylutes dugne, kad s\u0117klos &#8220;nepask\u0119st\u0173&#8221;. \u017dem\u0117s turi b\u016bti dr\u0117gnos, bet ne permirkytos.<\/p>\n<p>U\u017edenkite vazon\u0117l\u012f perpjautu, skaidriu, plastikiniu buteliu, ar stiklainiu. Pastatykite vazon\u0105 po auginimo lempa ar \u0161iltoje, \u0161viesioje aplinkoje, (20 &#8211; 25 C laipsni\u0173 [67 &#8211; 78 F]).<\/p>\n<p>Plastikin\u012f dangt\u012f (ar stiklain\u012f) nuimkite, kai daigai i\u0161lys \u012f pavir\u0161i\u0173, ir prad\u0117s formuotis pirmi dantyti lapai. Patr\u0119\u0161kite augal\u0105 su puse ketvir\u010dio norma (1\/8 normos) vegetacijai skirtomis tr\u0105\u0161omis.<\/p>\n<p>Tam tikr\u0173 kanapi\u0173 r\u016b\u0161i\u0173 s\u0117klos kambario temperat\u016broje gali nedygti, bet puikiai sudygs esant 32 C laipsniams (90 F), apie 10 (20 F) laipsni\u0173 daugiau negu kambario temperat\u016bra.<\/p>\n<p>&#8211; NIEKADA NELEISKITE S\u0116KLOMS I\u0160D\u017dI\u016aTI!!<\/p>\n<p><img decoding=\"async\" class=\"foto\" src=\"img\/daiginimas\/1.jpg\" alt=\"daiginimas\" width=\"110px\"><br \/>\n<img decoding=\"async\" class=\"foto\" src=\"img\/daiginimas\/2.jpg\" alt=\"daiginimas\" width=\"110px\"><br \/>\n<img decoding=\"async\" class=\"foto\" src=\"img\/daiginimas\/3.jpg\" alt=\"daiginimas\" width=\"110px\"><br \/>\n<img decoding=\"async\" class=\"foto\" src=\"img\/daiginimas\/4.jpg\" alt=\"daiginimas\" width=\"110px\"><br \/>\n<img decoding=\"async\" class=\"foto\" src=\"img\/daiginimas\/5.jpg\" alt=\"daiginimas\" width=\"110px\"><br \/>\n<img decoding=\"async\" class=\"foto\" src=\"img\/daiginimas\/6.jpg\" alt=\"daiginimas\" width=\"110px\"><br \/>\n<img decoding=\"async\" class=\"foto\" src=\"img\/daiginimas\/7.jpg\" alt=\"daiginimas\" width=\"110px\"><br \/>\n<img decoding=\"async\" class=\"foto\" src=\"img\/daiginimas\/8.jpg\" alt=\"daiginimas\" width=\"110px\"><br \/>\n<img decoding=\"async\" class=\"foto\" src=\"img\/daiginimas\/9.jpg\" alt=\"daiginimas\" width=\"110px\"><br \/>\n<img decoding=\"async\" class=\"foto\" src=\"img\/daiginimas\/10.jpg\" alt=\"daiginimas\" width=\"110px\"><\/p>\n<p>Naudota literat\u016bra: <a href=\"http:\/\/www.amsterdammarijuanaseedbank.com\/Growguides\/marijuana-seeds-info\/marijuana-seed-germination.html\" target=\"_blank\">amsterdammarijuanaseedbank<\/a>  <\/p>\n","protected":false},"excerpt":{"rendered":"<p>Daiginimo b\u016bd\u0173 yra daug. Papra\u0161\u010diausiai jums reikia pasirinkti labiausiai patinkant\u012f. Kanapi\u0173 s\u0117kl\u0173 daiginimui reikalinga dr\u0117gm\u0117, \u0161iluma ir tamsa. Naudokite \u0161var\u0173 (filtruot\u0105, virint\u0105, nusistov\u0117jus\u012f) vanden\u012f, o geriausiai &#8211; distiliuot\u0105. Dauguma miest\u0173 vandentiekiai turi ger\u0105, \u0161var\u0173 vanden\u012f, neutraliu pH, kuris yra tinkamas daiginimui. Nedidelis kiekis chloro yra naudingas, kad u\u017emu\u0161t\u0173 vandenyje esan\u010dius parazitus ir bakterijas. Jei vietinis [&hellip;]<\/p>\n","protected":false},"author":2,"featured_media":0,"parent":0,"menu_order":0,"comment_status":"open","ping_status":"open","template":"","meta":{"footnotes":""},"class_list":["post-24","page","type-page","status-publish","hentry"],"_links":{"self":[{"href":"https:\/\/www.legalus.net\/kan\/wp-json\/wp\/v2\/pages\/24","targetHints":{"allow":["GET"]}}],"collection":[{"href":"https:\/\/www.legalus.net\/kan\/wp-json\/wp\/v2\/pages"}],"about":[{"href":"https:\/\/www.legalus.net\/kan\/wp-json\/wp\/v2\/types\/page"}],"author":[{"embeddable":true,"href":"https:\/\/www.legalus.net\/kan\/wp-json\/wp\/v2\/users\/2"}],"replies":[{"embeddable":true,"href":"https:\/\/www.legalus.net\/kan\/wp-json\/wp\/v2\/comments?post=24"}],"version-history":[{"count":19,"href":"https:\/\/www.legalus.net\/kan\/wp-json\/wp\/v2\/pages\/24\/revisions"}],"predecessor-version":[{"id":138,"href":"https:\/\/www.legalus.net\/kan\/wp-json\/wp\/v2\/pages\/24\/revisions\/138"}],"wp:attachment":[{"href":"https:\/\/www.legalus.net\/kan\/wp-json\/wp\/v2\/media?parent=24"}],"curies":[{"name":"wp","href":"https:\/\/api.w.org\/{rel}","templated":true}]}}