{"id":276,"date":"2015-11-09T01:22:52","date_gmt":"2015-11-08T23:22:52","guid":{"rendered":"https:\/\/www.legalus.net\/kan\/?page_id=276"},"modified":"2015-11-09T01:22:52","modified_gmt":"2015-11-08T23:22:52","slug":"spirgutis","status":"publish","type":"page","link":"https:\/\/www.legalus.net\/kan\/spirgutis","title":{"rendered":"Spirgutis"},"content":{"rendered":"<p>Nuplautas bei i\u0161d\u017eiovintas kanapes gerai keptuv\u0117je paspriginti. Paskui suberti\u012f medin\u012f gr\u016bstuv\u0105 ir gr\u016bsti, kol pasidarys pilk\u0161vos spalvos mas\u0117. \u012e j\u0105 \u012fberti druskos ir i\u0161mai\u0161yti.<br \/>\nSpirgutis valgomas su kar\u0161tomis bulv\u0117mis, i\u0161virtomis su lupenomis.<br \/>\nTai ypa\u010d b\u016bdingas \u017eemai\u010di\u0173 valgis. Senosios kartos labai m\u0117gstamas.<\/p>\n<p>Paimta i\u0161:<br \/>\nJanina Ugin\u010dien\u0117 &#8220;\u017dEMAI\u010cI\u0172 VALGIAI&#8221; &#8211; Vilnius &#8220;Mintis&#8221;, 1977.<\/p>\n","protected":false},"excerpt":{"rendered":"<p>Nuplautas bei i\u0161d\u017eiovintas kanapes gerai keptuv\u0117je paspriginti. Paskui suberti\u012f medin\u012f gr\u016bstuv\u0105 ir gr\u016bsti, kol pasidarys pilk\u0161vos spalvos mas\u0117. \u012e j\u0105 \u012fberti druskos ir i\u0161mai\u0161yti. Spirgutis valgomas su kar\u0161tomis bulv\u0117mis, i\u0161virtomis su lupenomis. Tai ypa\u010d b\u016bdingas \u017eemai\u010di\u0173 valgis. Senosios kartos labai m\u0117gstamas. Paimta i\u0161: Janina Ugin\u010dien\u0117 &#8220;\u017dEMAI\u010cI\u0172 VALGIAI&#8221; &#8211; Vilnius &#8220;Mintis&#8221;, 1977.<\/p>\n","protected":false},"author":2,"featured_media":0,"parent":0,"menu_order":0,"comment_status":"closed","ping_status":"closed","template":"","meta":{"footnotes":""},"class_list":["post-276","page","type-page","status-publish","hentry"],"_links":{"self":[{"href":"https:\/\/www.legalus.net\/kan\/wp-json\/wp\/v2\/pages\/276","targetHints":{"allow":["GET"]}}],"collection":[{"href":"https:\/\/www.legalus.net\/kan\/wp-json\/wp\/v2\/pages"}],"about":[{"href":"https:\/\/www.legalus.net\/kan\/wp-json\/wp\/v2\/types\/page"}],"author":[{"embeddable":true,"href":"https:\/\/www.legalus.net\/kan\/wp-json\/wp\/v2\/users\/2"}],"replies":[{"embeddable":true,"href":"https:\/\/www.legalus.net\/kan\/wp-json\/wp\/v2\/comments?post=276"}],"version-history":[{"count":1,"href":"https:\/\/www.legalus.net\/kan\/wp-json\/wp\/v2\/pages\/276\/revisions"}],"predecessor-version":[{"id":277,"href":"https:\/\/www.legalus.net\/kan\/wp-json\/wp\/v2\/pages\/276\/revisions\/277"}],"wp:attachment":[{"href":"https:\/\/www.legalus.net\/kan\/wp-json\/wp\/v2\/media?parent=276"}],"curies":[{"name":"wp","href":"https:\/\/api.w.org\/{rel}","templated":true}]}}