{"id":286,"date":"2015-11-09T01:30:01","date_gmt":"2015-11-08T23:30:01","guid":{"rendered":"https:\/\/www.legalus.net\/kan\/?page_id=286"},"modified":"2015-11-09T01:30:01","modified_gmt":"2015-11-08T23:30:01","slug":"majoon-montezuma","status":"publish","type":"page","link":"https:\/\/www.legalus.net\/kan\/majoon-montezuma","title":{"rendered":"Majoon Montezuma"},"content":{"rendered":"<p>[Senas ind\u0117n\u0173 receptas, \u0161iek tiek dvelkiantis actek\u0173 dvasia.]<\/p>\n<p>Pirmas \u017eingsnis (\u017ealio sviesto paruo\u0161imas):<\/p>\n<p>Reik\u0117s:<\/p>\n<p>120 g kapot\u0173 marihuanos lap\u0173 arba 60 g kapot\u0173 marihuanos galv\u0173;<br \/>\nm a\u017edaug 120-140g sviesto;<br \/>\n0,5 litro vandens.<\/p>\n<p>Receptas:<\/p>\n<p>Lapus (arba galvas) ir sviest\u0105 sud\u0117kite \u012f ind\u0105. U\u017epilkite puse litro vandens ir virkite apie 1-3 valandas. Tada i\u0161griebkite \u017eol\u0119, at\u0161aldykite ir nugriebkite sviest\u0105.<\/p>\n<p>Antras \u017eingsnis (chocolate majoon):<\/p>\n<p>Reik\u0117s:<\/p>\n<p>1 kg cukraus;<br \/>\n\u0160iek tiek vandens;<br \/>\nApie 150 g pieno;<br \/>\n120 g \u0161okolado;<br \/>\nPirmame \u017eingsnyje paruo\u0161to sviesto;<br \/>\nKeli\u0173 la\u0161\u0173 ro\u017ei\u0173 vandens.<\/p>\n<p>Receptas:<\/p>\n<p>Cukr\u0173 u\u017epilkite vandeniu ir kaitinkite prikaistuvyje, iki cukrus i\u0161tirps ir pavirs putomis. Supilkite pien\u0105. Kai prad\u0117s kilti tir\u0161tos putos, jas nugriebkite. Virkite apie valand\u0105, karts nuo karto pripildami pieno ir vandens, bei nuolat mai\u0161ydami. Atsargiai mai\u0161ant, cukraus mas\u0117 tur\u0117ti tapti lipniu ir skaidriu sirupu. Palikite \u0161\u012f sirup\u0105 sustingti ant \u0161alto pavir\u0161iaus.<br \/>\n\u0160okolad\u0105 sumai\u0161ykite su \u017ealiu sviestu. \u012ela\u0161inkite kelis la\u0161us ro\u017ei\u0173 vandens. Tada u\u017etepkite ant sukiet\u0117jusio cukraus sirupo.<\/p>\n<p>Skanaus!<\/p>\n","protected":false},"excerpt":{"rendered":"<p>[Senas ind\u0117n\u0173 receptas, \u0161iek tiek dvelkiantis actek\u0173 dvasia.] Pirmas \u017eingsnis (\u017ealio sviesto paruo\u0161imas): Reik\u0117s: 120 g kapot\u0173 marihuanos lap\u0173 arba 60 g kapot\u0173 marihuanos galv\u0173; m a\u017edaug 120-140g sviesto; 0,5 litro vandens. Receptas: Lapus (arba galvas) ir sviest\u0105 sud\u0117kite \u012f ind\u0105. U\u017epilkite puse litro vandens ir virkite apie 1-3 valandas. Tada i\u0161griebkite \u017eol\u0119, at\u0161aldykite ir [&hellip;]<\/p>\n","protected":false},"author":2,"featured_media":0,"parent":0,"menu_order":0,"comment_status":"closed","ping_status":"closed","template":"","meta":{"footnotes":""},"class_list":["post-286","page","type-page","status-publish","hentry"],"_links":{"self":[{"href":"https:\/\/www.legalus.net\/kan\/wp-json\/wp\/v2\/pages\/286","targetHints":{"allow":["GET"]}}],"collection":[{"href":"https:\/\/www.legalus.net\/kan\/wp-json\/wp\/v2\/pages"}],"about":[{"href":"https:\/\/www.legalus.net\/kan\/wp-json\/wp\/v2\/types\/page"}],"author":[{"embeddable":true,"href":"https:\/\/www.legalus.net\/kan\/wp-json\/wp\/v2\/users\/2"}],"replies":[{"embeddable":true,"href":"https:\/\/www.legalus.net\/kan\/wp-json\/wp\/v2\/comments?post=286"}],"version-history":[{"count":1,"href":"https:\/\/www.legalus.net\/kan\/wp-json\/wp\/v2\/pages\/286\/revisions"}],"predecessor-version":[{"id":287,"href":"https:\/\/www.legalus.net\/kan\/wp-json\/wp\/v2\/pages\/286\/revisions\/287"}],"wp:attachment":[{"href":"https:\/\/www.legalus.net\/kan\/wp-json\/wp\/v2\/media?parent=286"}],"curies":[{"name":"wp","href":"https:\/\/api.w.org\/{rel}","templated":true}]}}