{"id":288,"date":"2015-11-09T01:35:32","date_gmt":"2015-11-08T23:35:32","guid":{"rendered":"https:\/\/www.legalus.net\/kan\/?page_id=288"},"modified":"2015-11-09T01:35:32","modified_gmt":"2015-11-08T23:35:32","slug":"zaliasis-drakonas","status":"publish","type":"page","link":"https:\/\/www.legalus.net\/kan\/zaliasis-drakonas","title":{"rendered":"&#8220;\u017daliasis drakonas&#8221;"},"content":{"rendered":"<p>Slibino prisijaukinimas:<\/p>\n<p>Marihuanos veikli\u0105sias med\u017eiagas yra \u012fmanoma i\u0161gauti, j\u0105 mirkant labai stipriame alkoholyje. Kanabinoliai i\u0161tirpsta alkoholyje. Tai, k\u0105 gauname po \u017eol\u0117s i\u0161mirkymo, reikia nuko\u0161ti, sumai\u0161yti su kuo nors (padaryti kokteil\u012f). Efektas gaunamas toks pats, kaip ir valgant marihuan\u0105. Paprastai visa tai daroma pa\u0117mus butel\u012f 95% (sakiau, kad labai stipraus) alkoholio (pagaminto i\u0161 koki\u0173 nors gr\u016bdini\u0173 augal\u0173 &#8211; kvie\u010di\u0173 ir pan.). Butelis pastatomas ant ELEKTRIN\u0116S virykl\u0117s. Pakaitinama iki beveik virimo temperat\u016bros ir dedama ganja (standartinis santykis: 1\/2 gramo &#8211; 1 uncijai (28,36 gramo) g\u0117rimo). Pakaitinti iki u\u017evirimo apie 20 minu\u010di\u0173 ir po to nuko\u0161ti. Taip gaunamas \u017ealsvos spalvos g\u0117rim\u0117lis dar vadinamas &#8220;\u017daliuoju drakonu&#8221;. J\u012f galima gerti tiesiog tok\u012f (\u017eiauroka truput\u012f) arba mai\u0161yti kokteilius. Populiariausias kokteilis yra: 30 g. &#8220;\u017daliojo drakono&#8221; sumai\u0161yti su citrin\u0173 skonio limonadu, ledu ir \u0161auk\u0161teliu medaus.<\/p>\n<p>Dar keli patarimai:<\/p>\n<p>Geriausia yra naudoti kiek galima stipresn\u012f spirit\u0105, nes kitaip alkoholyje esantis vanduo i\u0161tirpdys kitas med\u017eiagas, kurios yra nepageidaujamos. Kai kurie si\u016blo mirkyti \u017eol\u0119 \u0161iltame vandenyje tam tikr\u0105 laikotarp\u012f, kad panaikinti tas med\u017eiagas, bet tada atsiranda dar daugiau kit\u0173 ir tai tikrai nerekomenduojama. Galima papras\u010diausiai sud\u0117ti marihuan\u0105 \u012f butel\u012f stipraus spirito ir laukti nekaitinant, bet kol visi kanabinoidai i\u0161tirpsta, praeina 2-3 savait\u0117s. Grei\u010diausias metodas yra kaitinti neu\u017evirinant ir \u012fmai\u0161yti marihuan\u0105. Jei jau \u0117m\u0117t\u0117s \u0161io b\u016bdo, tai reik\u0117t\u0173 b\u016bti ypa\u010d atsargiems, nes stiprus spiritas gali lengvai u\u017esidegti.<br \/>\nGautas skystis yra nuo \u0161viesiai \u017ealios iki smaragdo \u017ealumo spalvos. \u012edomiausia tai, kad prie\u0161 gaminant &#8220;\u017dali\u0105j\u012f drakon\u0105&#8221; \u017eol\u0117 buvo imta ruda, o verdant matosi kaip skystis po truput\u012f \u012fgauna \u017eali\u0105 atspalv\u012f.<\/p>\n","protected":false},"excerpt":{"rendered":"<p>Slibino prisijaukinimas: Marihuanos veikli\u0105sias med\u017eiagas yra \u012fmanoma i\u0161gauti, j\u0105 mirkant labai stipriame alkoholyje. Kanabinoliai i\u0161tirpsta alkoholyje. Tai, k\u0105 gauname po \u017eol\u0117s i\u0161mirkymo, reikia nuko\u0161ti, sumai\u0161yti su kuo nors (padaryti kokteil\u012f). Efektas gaunamas toks pats, kaip ir valgant marihuan\u0105. Paprastai visa tai daroma pa\u0117mus butel\u012f 95% (sakiau, kad labai stipraus) alkoholio (pagaminto i\u0161 koki\u0173 nors gr\u016bdini\u0173 [&hellip;]<\/p>\n","protected":false},"author":2,"featured_media":0,"parent":0,"menu_order":0,"comment_status":"closed","ping_status":"closed","template":"","meta":{"footnotes":""},"class_list":["post-288","page","type-page","status-publish","hentry"],"_links":{"self":[{"href":"https:\/\/www.legalus.net\/kan\/wp-json\/wp\/v2\/pages\/288","targetHints":{"allow":["GET"]}}],"collection":[{"href":"https:\/\/www.legalus.net\/kan\/wp-json\/wp\/v2\/pages"}],"about":[{"href":"https:\/\/www.legalus.net\/kan\/wp-json\/wp\/v2\/types\/page"}],"author":[{"embeddable":true,"href":"https:\/\/www.legalus.net\/kan\/wp-json\/wp\/v2\/users\/2"}],"replies":[{"embeddable":true,"href":"https:\/\/www.legalus.net\/kan\/wp-json\/wp\/v2\/comments?post=288"}],"version-history":[{"count":1,"href":"https:\/\/www.legalus.net\/kan\/wp-json\/wp\/v2\/pages\/288\/revisions"}],"predecessor-version":[{"id":289,"href":"https:\/\/www.legalus.net\/kan\/wp-json\/wp\/v2\/pages\/288\/revisions\/289"}],"wp:attachment":[{"href":"https:\/\/www.legalus.net\/kan\/wp-json\/wp\/v2\/media?parent=288"}],"curies":[{"name":"wp","href":"https:\/\/api.w.org\/{rel}","templated":true}]}}