{"id":47,"date":"2013-06-05T02:08:48","date_gmt":"2013-06-05T00:08:48","guid":{"rendered":"http:\/\/www.legalus.net\/kan\/?page_id=47"},"modified":"2013-06-06T15:36:18","modified_gmt":"2013-06-06T13:36:18","slug":"persodinimas","status":"publish","type":"page","link":"https:\/\/www.legalus.net\/kan\/persodinimas","title":{"rendered":"Persodinimas"},"content":{"rendered":"<p>Na, persodinimas yra lengvas. Labai nesunkus. Tikrai.<br \/>\nTiesiog atlikite \u0161iuos paprastus veiksmus ir tikrai viskas turi pasisekti.<\/p>\n<h5>Bet pirmiausia &#8211; kada jums reikalingas persodinimas?<\/h5>\n<p>Persodinti augalus reikia tuomet, kai neb\u0117ra pakankamai vietos \u0161aknims. Persodinant, reikia, kad \u0161aknys suri\u0161t\u0173 \u017eemes, ir keliant augal\u0105, did\u017eioji dalis \u017eemi\u0173 turi likti ant augalo kartu su \u0161aknimis.<br \/>\nAtminkite, kad \u0161akn\u0173 plotas turi tiesiogin\u012f poveik\u012f augalo dyd\u017eiui ir derliui!<br \/>\nVegetacijos stadijoje \u0161aknys formuojasi greitai, o \u017eyd\u0117jime labai letai.<\/p>\n<p><b>Nepersodinkite \u017eydin\u010di\u0173 augal\u0173, kurie \u017eyd\u0117jimo stadijoje daugiau kaip 3 savaites!<\/b><\/p>\n<p>\u0160iame pavizdyje augalui n\u0117ra b\u016btinas persodinimas. Jis dvi savaites \u017eyd\u0117jime ir turi pakankamai vietos \u0161aknims.<\/p>\n<p>Persodinti idealiausia, kai augalas vegetacijos stadijoje, o \u017eem\u0117s kuriose auga &#8211; sausos.<\/p>\n<h5>Persodinimas<\/h5>\n<p>Pirmiausia gaukite augal\u0105 kur\u012f reikia persodinti.<br \/>\n\u0160is k\u016bdik\u0117lis yra dvi savaites \u017eyd\u0117jime, Sugar Haze. Apie 30-40 cm \u016bgio.<\/p>\n<p><img decoding=\"async\" src=\"img\/persodinimas\/persodinimas1.jpg\" class=\"ber\" alt=\"kanap\u0117s persodinimas\"><\/p>\n<p>Jei jums reikia sumai\u0161yti substrato mi\u0161in\u012f, sud\u0117kite visk\u0105 \u012f mai\u0161\u0105 per skylu\u010di\u0173.<\/p>\n<p><img decoding=\"async\" src=\"img\/persodinimas\/persodinimas2.jpg\" class=\"ber\" alt=\"kanap\u0117s persodinimas\" width=\"500px\"><\/p>\n<p>Ir gerai i\u0161mai\u0161ykite.<\/p>\n<p><img decoding=\"async\" src=\"img\/persodinimas\/persodinimas3.jpg\" class=\"ber\" alt=\"kanap\u0117s persodinimas\" width=\"500px\"><\/p>\n<p>Sud\u0117kite mi\u0161in\u012f \u012f vazon\u0105 ir padarykite vietos, kad tilpt\u0173 \u0161aknys su esamom \u017eem\u0117m.<\/p>\n<p><img decoding=\"async\" src=\"img\/persodinimas\/persodinimas4.jpg\" class=\"ber\" alt=\"kanap\u0117s persodinimas\" width=\"500px\"><\/p>\n<p>Lengvai paspauskite vazon\u0105 su augalu i\u0161 vis\u0173 pusi\u0173.<\/p>\n<p><img decoding=\"async\" src=\"img\/persodinimas\/persodinimas5.jpg\" class=\"ber\" alt=\"kanap\u0117s persodinimas\" width=\"500px\"><\/p>\n<p>Paimkite augal\u0105 \u0161itaip:<\/p>\n<p><img decoding=\"async\" src=\"img\/persodinimas\/persodinimas6.jpg\" class=\"ber\" alt=\"kanap\u0117s persodinimas\" width=\"500px\"><\/p>\n<p>Ir apverskite:<\/p>\n<p><img decoding=\"async\" src=\"img\/persodinimas\/persodinimas7.jpg\" class=\"ber\" alt=\"kanap\u0117s persodinimas\" width=\"500px\"><\/p>\n<p>I\u0161 \u0161io paveisliuko matosi, kad augalas \u0161iame vazone gal\u0117jo pasilikti dar ilg\u0105 laik\u0105, kadangi beveik nesimato i\u0161lindusi\u0173 \u0161akn\u0173.<\/p>\n<p><img decoding=\"async\" src=\"img\/persodinimas\/persodinimas8.jpg\" class=\"ber\" alt=\"kanap\u0117s persodinimas\" width=\"500px\"><\/p>\n<p>\u012ed\u0117kite augal\u0105 \u012f nauj\u0105 vazon\u0105 ir u\u017epilkite \u017eem\u0117mis. Sodinkite augal\u0105 pakankamai giliai, kad \u017eem\u0117s u\u017epildytu augal\u0105 beveik iki pirmo gumbo (vieta, kur i\u0161lenda pirmieji lapai).<\/p>\n<p><img decoding=\"async\" src=\"img\/persodinimas\/persodinimas9.jpg\" class=\"ber\" alt=\"kanap\u0117s persodinimas\" width=\"500px\"><\/p>\n<p>\u0160tai taip atrodo po persodinimo.<\/p>\n<p><img decoding=\"async\" src=\"img\/persodinimas\/persodinimas10.jpg\" class=\"ber\" alt=\"kanap\u0117s persodinimas\" width=\"500px\"><\/p>\n<p>Kai pasodinate augal\u0105 \u012f nauj\u0105 viet\u0105, palaistykite j\u012f vandeniu su tr\u0105\u0161omis.<br \/>\n<b>LAISTYKITE KIEK GALIMA TOLIAU NUO STIEBO<\/b>. Tai paskatins \u0161aknis pl\u0117stis tolyn.<\/p>\n<p><img decoding=\"async\" src=\"img\/persodinimas\/persodinimas11.jpg\" class=\"ber\" alt=\"kanap\u0117s persodinimas\" width=\"500px\"><\/p>\n<p>Naudota literat\u016bra: <a href=\"http:\/\/www.rollitup.org\/showthread.php?t=193741\" target=\"_blank\">rollitup<\/a>  <\/p>\n","protected":false},"excerpt":{"rendered":"<p>Na, persodinimas yra lengvas. Labai nesunkus. Tikrai. Tiesiog atlikite \u0161iuos paprastus veiksmus ir tikrai viskas turi pasisekti. Bet pirmiausia &#8211; kada jums reikalingas persodinimas? Persodinti augalus reikia tuomet, kai neb\u0117ra pakankamai vietos \u0161aknims. Persodinant, reikia, kad \u0161aknys suri\u0161t\u0173 \u017eemes, ir keliant augal\u0105, did\u017eioji dalis \u017eemi\u0173 turi likti ant augalo kartu su \u0161aknimis. Atminkite, kad \u0161akn\u0173 [&hellip;]<\/p>\n","protected":false},"author":2,"featured_media":0,"parent":0,"menu_order":0,"comment_status":"open","ping_status":"open","template":"","meta":{"footnotes":""},"class_list":["post-47","page","type-page","status-publish","hentry"],"_links":{"self":[{"href":"https:\/\/www.legalus.net\/kan\/wp-json\/wp\/v2\/pages\/47","targetHints":{"allow":["GET"]}}],"collection":[{"href":"https:\/\/www.legalus.net\/kan\/wp-json\/wp\/v2\/pages"}],"about":[{"href":"https:\/\/www.legalus.net\/kan\/wp-json\/wp\/v2\/types\/page"}],"author":[{"embeddable":true,"href":"https:\/\/www.legalus.net\/kan\/wp-json\/wp\/v2\/users\/2"}],"replies":[{"embeddable":true,"href":"https:\/\/www.legalus.net\/kan\/wp-json\/wp\/v2\/comments?post=47"}],"version-history":[{"count":2,"href":"https:\/\/www.legalus.net\/kan\/wp-json\/wp\/v2\/pages\/47\/revisions"}],"predecessor-version":[{"id":153,"href":"https:\/\/www.legalus.net\/kan\/wp-json\/wp\/v2\/pages\/47\/revisions\/153"}],"wp:attachment":[{"href":"https:\/\/www.legalus.net\/kan\/wp-json\/wp\/v2\/media?parent=47"}],"curies":[{"name":"wp","href":"https:\/\/api.w.org\/{rel}","templated":true}]}}