{"id":52,"date":"2013-06-05T02:11:32","date_gmt":"2013-06-05T00:11:32","guid":{"rendered":"http:\/\/www.legalus.net\/kan\/?page_id=52"},"modified":"2013-06-06T19:32:13","modified_gmt":"2013-06-06T17:32:13","slug":"temperatura-ir-dregme","status":"publish","type":"page","link":"https:\/\/www.legalus.net\/kan\/temperatura-ir-dregme","title":{"rendered":"Temperat\u016bra ir dr\u0117gm\u0117"},"content":{"rendered":"<p><center><img decoding=\"async\" src=\"img\/temperatura-dregme\/termometras.jpg\" class=\"both\" alt=\"Tr\u0105\u0161os\"><\/center><\/p>\n<h3>Apie temperat\u016br\u0105 ra\u0161o E. Rosenthal:<\/h3>\n<p>Tinkama temperat\u016bra yra vienas i\u0161 labiausiai nepastovi\u0173 faktori\u0173. Dauguma knyg\u0173 ra\u0161o, kad otimali auginimo temperat\u016bra yra 21 &#8211; 27 laipsni\u0173 celcijaus (70-80 Farenheito), bet daug kitur nurodo ir auk\u0161tesn\u0119 temperat\u016br\u0105. Skaitant, kad genetika n\u0117ra faktorius, augalas gal\u0117s absoruoti daugiau \u0161viesos prie didesn\u0117s temperat\u016bros, galb\u016bt iki 32 C (90 F). Daug \u0161viesos ir CO2 lygio, gali leisti temperat\u016br\u0105 pakelti iki 35 C (95 F) laipsni\u0173, taip padidinant augimo greit\u012f. Ta\u010diau tokia temperat\u016bra suma\u017eins potencij\u0105 \u017eyd\u0117jime. Geriausia b\u016bt\u0173 po \u017eyd\u0117jimo prad\u017eios suma\u017einti temperat\u016br\u0105, siekiant i\u0161saugoti potencij\u0105, nors augalas augs l\u0117\u010diau. Auk\u0161tesn\u0117 temperat\u016bra leid\u017eia augalui vegetacijoje augti \u017eymiai grei\u010diau, \u017eadindamas augalo med\u017eiag\u0173 apykait\u0105, ta\u010diau reikalinga daug CO2 bei \u0161viesos, o dregm\u0117 turi b\u016bti ne per didel\u0117.<\/p>\n<p>Su normaliu CO2 lygiu gerai vedinamoje patalpoje 32 C temperat\u016bra yra absoliutus maksimumas, nors geriau b\u016bt\u0173 30 C (85 F), jei tik gaunama daug \u0161viesos. Neleiskite auginimo de\u017e\u0117je ar kambaryje temperat\u016brai vir\u0161yti 35 C (95 F), nes tai pakenks augalams. Jei turite ger\u0105 ap\u0161vietim\u0105, be CO2 padavimo, optimali temperat\u016bra yra 27-30 C (80-86 F). \u017demiau kaip 21 C (70F) yra jau per \u0161alta geram auginimui.<\/p>\n<p>Nakt\u012f &#8211; \u017eema temperat\u016bra yra normalu (ma\u017edaug 16 C (60 F)) lauke. \u017demesn\u0117 temperat\u016bra nakt\u012f, pradeda paveikti vystym\u0105si. 10 C (50 F) laipsni\u0173 sukels lengv\u0105 stres\u0105, 5 C (40 F) nu\u017eudys augal\u0105. Laikykite savo augalus \u0161iltai, o ypa\u010d \u0161aknis. Pakelkite vazonus auk\u0161\u010diau, jei manote, kad grindys atima \u0161ilum\u0105 i\u0161 \u0161akn\u0173. Tai da\u017ena problema, jei j\u016bs\u0173 grindys i\u0161 betono plok\u0161t\u0117s ar pana\u0161ios \u0161altos med\u017eiagos.<\/p>\n<p>Kai temperat\u016bra kyla, oras geriau sulaiko vanden\u012f, tokiu b\u016bdu ma\u017eindamas dr\u0117gm\u0119, tod\u0117l didesn\u0117 temperat\u016bra ma\u017eina grybelio gr\u0117sm\u0119.<\/p>\n<p>Prie\u0161ingai, nei daugelyje literat\u016br\u0173, dregm\u0117 n\u0117ra gerai augalams (i\u0161skyrus daiginim\u0105, ir \u0161aknijim\u0105). Ma\u017eas dregm\u0117s lygis padeda augalams i\u0161garinti CO2, o tai suma\u017eina pel\u0117sio rizik\u0105 \u017eyd\u0117jimo metu.<\/p>\n<p>Tyrimai rodo, kad didel\u0117 temperat\u016bra suma\u017eina potencij\u0105, tod\u0117l svarbu matyti kada augalas gauna per daug kar\u0161\u010dio \u017eyd\u0117jimo metu.<\/p>\n<h3>Apie temperat\u016br\u0105 ir dr\u0117gm\u0119 SW growguide:<\/h3>\n<p>Temperat\u016bra turi b\u016bti apie 28 laipsni\u0173 celcijaus. Niekada negali b\u016bti auk\u0161tesn\u0117 kaip 32 ir \u017eemesn\u0117 kaip 17 laipsni\u0173. Be to leid\u017eiant temperat\u016brai nukristi ma\u017eiau kaip 10 laipsni\u0173, augalams sukels per daug streso. Didesn\u0117 temperat\u016bra nei 32 laipsniai, \u017eiedus padarys purius, ta\u010diau THC kiekis labai suma\u017e\u0117s. Jei temperat\u016bra nukrinta ma\u017eiau kaip 17 laipsni\u0173, augalai nustoja augti, stiebas taps violetin\u0117s spalvos, o \u017eiedai bus labai ma\u017ei. Pakankamai keista, ta\u010diau ma\u017eoje temperat\u016broje gaminamas didesnis kiekis THC.<\/p>\n<p>Dr\u0117gm\u0119 palaikykite tarp 50 ir 60 %. Gaminant klonus reikia apie 80% dregm\u0117s, kadangi klonai dar neturi i\u0161sivys\u010diusios \u0161akn\u0173 sistemos. \u012esitikinkite, kad \u017eyd\u0117jimo metu dr\u0117gm\u0117 neper\u017eengia 60%, nes tai gadina anglies filtrus. Kitu atv\u0117ju, per ma\u017ea dr\u0117gm\u0117 sukelia stres\u0105 ir naikina derli\u0173. Prireikus galima pastatyti dr\u0117kintuv\u0105. \u017dyd\u0117jimo pabaigoje, dr\u0117gm\u0117 t\u016br\u0117t\u0173 b\u016bti kiek galima ma\u017eesn\u0117, kad neleistu veistis puv\u0117siui, pel\u0117siams, grybeliui.<\/p>\n<p>Sakoma, kad naudojant papildom\u0105 CO2 \u0161altin\u012f galima leisti augti didesn\u0117je temperat\u016broje. Asmeni\u0161kai a\u0161 manau, kad geriausia b\u016bt\u0173 palaikyti normali\u0105 temperat\u016br\u0105, o tai duos geros kokyb\u0117s ir didel\u012f kiek\u012f THC. Auk\u0161toje temperat\u016broje \u017eiedai bus didesni, ta\u010diau ma\u017eiau THC.<\/p>\n<p>Naudota literat\u016bra: <a href=\"http:\/\/weedfarmer.com\/growing_guide\/temperature.php\" target=\"_blank\">weedfarmer<\/a>  <\/p>\n","protected":false},"excerpt":{"rendered":"<p>Apie temperat\u016br\u0105 ra\u0161o E. Rosenthal: Tinkama temperat\u016bra yra vienas i\u0161 labiausiai nepastovi\u0173 faktori\u0173. Dauguma knyg\u0173 ra\u0161o, kad otimali auginimo temperat\u016bra yra 21 &#8211; 27 laipsni\u0173 celcijaus (70-80 Farenheito), bet daug kitur nurodo ir auk\u0161tesn\u0119 temperat\u016br\u0105. Skaitant, kad genetika n\u0117ra faktorius, augalas gal\u0117s absoruoti daugiau \u0161viesos prie didesn\u0117s temperat\u016bros, galb\u016bt iki 32 C (90 F). Daug [&hellip;]<\/p>\n","protected":false},"author":2,"featured_media":0,"parent":0,"menu_order":0,"comment_status":"open","ping_status":"open","template":"","meta":{"footnotes":""},"class_list":["post-52","page","type-page","status-publish","hentry"],"_links":{"self":[{"href":"https:\/\/www.legalus.net\/kan\/wp-json\/wp\/v2\/pages\/52","targetHints":{"allow":["GET"]}}],"collection":[{"href":"https:\/\/www.legalus.net\/kan\/wp-json\/wp\/v2\/pages"}],"about":[{"href":"https:\/\/www.legalus.net\/kan\/wp-json\/wp\/v2\/types\/page"}],"author":[{"embeddable":true,"href":"https:\/\/www.legalus.net\/kan\/wp-json\/wp\/v2\/users\/2"}],"replies":[{"embeddable":true,"href":"https:\/\/www.legalus.net\/kan\/wp-json\/wp\/v2\/comments?post=52"}],"version-history":[{"count":4,"href":"https:\/\/www.legalus.net\/kan\/wp-json\/wp\/v2\/pages\/52\/revisions"}],"predecessor-version":[{"id":159,"href":"https:\/\/www.legalus.net\/kan\/wp-json\/wp\/v2\/pages\/52\/revisions\/159"}],"wp:attachment":[{"href":"https:\/\/www.legalus.net\/kan\/wp-json\/wp\/v2\/media?parent=52"}],"curies":[{"name":"wp","href":"https:\/\/api.w.org\/{rel}","templated":true}]}}