{"id":58,"date":"2013-06-05T02:16:35","date_gmt":"2013-06-05T00:16:35","guid":{"rendered":"http:\/\/www.legalus.net\/kan\/?page_id=58"},"modified":"2013-06-06T19:38:38","modified_gmt":"2013-06-06T17:38:38","slug":"trasos","status":"publish","type":"page","link":"https:\/\/www.legalus.net\/kan\/trasos","title":{"rendered":"Tr\u0105\u0161os"},"content":{"rendered":"<p><center><img decoding=\"async\" src=\"img\/trasos\/trasos2.jpg\" class=\"both\" alt=\"Tr\u0105\u0161os\" width=\"250px\"><\/center><\/p>\n<h3>Svarb\u016bs faktai apie tr\u0105\u0161as<\/h3>\n<ul>\n<li>Elementai: azotas (N), fosforas (P) ir kalis (K) yra svarbiausios maistin\u0117s med\u017eiagos, kurios spartina augim\u0105.<\/li>\n<li>Kalcis (Ca) gali b\u016bti naudojamas kontroliuoti pH.<\/li>\n<li>Azotas (N) u\u017etikrina greit\u0105 ir ve\u0161l\u0173 augim\u0105. Jis leid\u017eia kanap\u0117ms peraugti beveik bet kok\u012f kit\u0105 augal\u0105.<\/li>\n<li>Fosforas (P) daugiausia reikalingas daigui ir \u017eyd\u0117jimo periodu.<\/li>\n<li>Kalis (K) atsakingas u\u017e stiebo tvirtum\u0105, stiprum\u0105, atsparum\u0105 ligoms ir kenk\u0117jams.<\/li>\n<li>Kalcis (Ca) n\u0117ra maistingoji med\u017eiaga augalui, ta\u010diau jis i\u0161lygina substrato pH.<\/li>\n<li>Kad u\u017eaugt\u0173 didel\u0117s kanap\u0117s, reikia nuolat jas tr\u0119\u0161ti maistingosiomis med\u017eiagomis, kurios tur\u0117t\u0173 b\u016bti prid\u0117tos prie laistomo vandens.<\/li>\n<li>Tr\u0105\u0161\u0173 kiekis priklauso nuo augalo ir vazono dyd\u017ei\u0173, bei substrato savybi\u0173 ir kokyb\u0117s<\/li>\n<li>Jei tr\u0105\u0161as pilate nesumai\u0161ydami su vandeniu, po to b\u016btinai palaistikyte augal\u0105, kad tr\u0105\u0161os pasiskirstyt\u0173 po substrat\u0105.<\/li>\n<li>Rekomenduojama tr\u0105\u0161as i\u0161tirpinti vandenyje, kuriuo lasitomas augalas.<\/li>\n<li>Per didelis kiekis tr\u0105\u0161\u0173 u\u017eter\u0161ia substrat\u0105, kenkia augalui, jo augimui ir vystimuisi.<\/li>\n<li>Lap\u0173 tr\u0119\u0161imas (Vandens, kuriame i\u0161tirpintos tr\u0105\u0161os, pur\u0161kimas ant lap\u0173) yra idealus b\u016bdas patr\u0119\u0161ti didelius augalus.<\/li>\n<li>Maisting\u0173j\u0173 med\u017eiag\u0173 tr\u016bkum\u0105 galima nustatyti i\u0161 lap\u0173 b\u016bkl\u0117s ir spalvos pakeitimo.<\/li>\n<li>Hidroponika yra gera alternatyva dideliam kiekiui substrato. Didelis privalumas tai, kad maistinguj\u0173 med\u017eoag\u0173 kiek\u012f galima labai lengvai reguliuoti.<\/li>\n<li>Substratas su daug organin\u0117s med\u017eiagos da\u017enai b\u016bna gana r\u016bg\u0161tus (ma\u017eo pH).<\/li>\n<li>Daugiausia maisting\u0173j\u0173 med\u017eiag\u0173 geriausiai tirpsta substrate kuri\u0173 pH tarp 6 ir 7,5.<\/li>\n<li>Da\u017enas azoto, fosforo ir kalio naudojimas suma\u017eina pH, tod\u0117l truputis kalcio (Ca) j\u012f atstatyt\u0173.<\/li>\n<li>I\u0161saugoti pertr\u0119\u0161t\u0105 augal\u0105, galima pa\u0161alinus kelis centimetrus vir\u0161utin\u012f substrato sluoksn\u012f.<\/li>\n<li>Nors sveiki ir stipr\u016bs augalai m\u0117gsta nuolat gauti maisting\u0173j\u0173 med\u017eiagu, vis tiek j\u0173 netur\u0117tum\u0117te tr\u0119\u0161ti kasdien.<\/li>\n<li>Augalas augantis prastame substrate ir gaunantis ma\u017eai tr\u0105\u0161\u0173 vystisis geriau, nei tie kurie augs pertr\u0119\u0161tame substrate.<\/li>\n<li>Nors Anglies Dioksidas ir n\u0117ra maistingoji med\u017eiaga, ta\u010diau jis gali b\u016bti panaudotas siekiant paspartinti augim\u0105 vegetacijos stadijoje.<\/li>\n<li>R\u016bg\u0161taus substrato pH galite subalansuoti sutrai\u0161kius keletos kiau\u0161ini\u0173 luk\u0161t\u0173 ir pamerkus juos \u012f vanden\u012f. Luk\u0161tus i\u0161traukite, o vandeniu paliekite savo augalus.<\/li>\n<li>Substratas, kuriame bus pakankamai Azoto, padidins tarpubambli\u0173 (ta vieta kurioje stiebas ar \u0161akos \u0161akojasi) vystimasi ir stiebe spar\u010diau ir daugiau augs jauni ugliukai.<\/li>\n<li>\u0160lapimas yra puikus Azoto \u0161altinis, ta\u010diau kadangi jis per daug koncentruotas, j\u012f vis\u0105 laik\u0105 reikia skiesti su vandeniu.<\/li>\n<li>Jei j\u016bs\u0173 substrate yra maisting\u0173j\u0173 med\u017eiagu, ma\u017eam daigeliui, augan\u010diam dideliame vazone, pirmas kelias savaites jam tr\u0105\u0161\u0173 pilti nereikia.<\/li>\n<li>Nors kanap\u0117s ne itin gerai auga substrate kuriame nedaug maisting\u0173j\u0173 med\u017eiag\u0173, ta\u010diau tai \u017eymiai geriau negu auginti pertr\u0119\u0161tame substrate.<\/li>\n<li>Organin\u0117s tr\u0105\u0161os yra ne taip koncentruotos kaip cheminiai mi\u0161iniai, ir kadangi maistingosios med\u017eiagos i\u0161leid\u017eiamos l\u0117\u010diau &#8211; yra \u017eymiai ma\u017eesn\u0117 tikimyb\u0117 pertre\u0161ti savo augal\u0105.<\/li>\n<li>Tipi\u0161ka programa: pirm\u0105 kart\u0105 tr\u0119\u0161iama po 5 savai\u010di\u0173 augimo. Po to kas 2 savaites iki \u017eyd\u0117jimo.<\/li>\n<li>Visada geriau tr\u0119\u0161ti da\u017eniau ir su labiau praskiestu vandeniu tirpalu, negu retai ir su didele tr\u0105\u0161\u0173 koncentracija.<\/li>\n<li>Visada \u012fsitikinkite, ar tr\u0105\u0161os pilnai i\u0161tirpo vandenyje ir tik po to tr\u0119\u0161kite augal\u0105.<\/li>\n<\/ul>\n<p>\n<center><img decoding=\"async\" src=\"img\/trasos\/trasos.jpg\" class=\"both\" alt=\"Tr\u0105\u0161os\" width=\"350px\"><\/center><\/p>\n<h3>Micro- \/ Macro- elementai<\/h3>\n<p>Kas yra Micro- \/ Macro- elementai, ir u\u017e k\u0105 jie yra atsakingi?<\/p>\n<h5>Makroelementai<\/h5>\n<p>Makroelementai yra elementai svarbiausi augal\u0173 augimui. Tai yra trys pagrindiniai ir ry\u0161kiausi makroelementai: Azotas (N), Fosforas (P) ir Kalis (K). \u0160i\u0173 element\u0173 yra visose tr\u0105\u0161ose, ta\u010diau skirtingi kiekiai, priklausomai nuo tr\u0105\u0161\u0173 r\u016b\u0161ies \/ mark\u0117s. NPK santykis bus i\u0161vardintas trimis skaitmenimis atskirtais br\u016bk\u0161niais (pvz. 20-30-20). \u0160iuos skai\u010dius reikia rinktis pagal augimo stadija ir specifinius poreikius. Patarimas: vegetacijos stadijoje svarbiausi elementai N ir P, o \u017eyd\u0117jimo stadijoje &#8211; P ir K.<\/p>\n<h5>Mikroelementai<\/h5>\n<p>Kartu su pagrindiniais makroelementais augalui reigalingi ir mikroelement\u0173 ilgalaikiam augimui ir energijai. Kai kurie i\u0161 \u0161i\u0173 element\u0173 yra: Kalcis (Ca), Magnis (Mg), Siera (S), Manganas (Mn), Boras (B), Cinkas (Zn), ir Varis (Cu). Jos yra daugumoje tr\u0105\u0161\u0173 (nor ir be kaikuri\u0173 i\u0161vardint\u0173 element\u0173), ta\u010diau \u017eymiai ma\u017eesn\u0117m proporcijom negu makroelementai.<\/p>\n<h3>Micro- \/ Macro- element\u0173 nauda ir tr\u016bkumai<\/h3>\n<h5>Azotas<\/h5>\n<p>Simbolis: N<br \/>\nAtominis skai\u010dius: 7<br \/>\nAtomin\u0117 mas\u0117: 14,00674<\/p>\n<p>Naudos: Azotas skatina Fotosintez\u0117 ir yra tiesiogiai atsakingas u\u017e Chlorofilo gamyba. Tai skatina lap\u0173 ir stiebo vystim\u0105si, augalo bendr\u0105 dyd\u012f, energij\u0105.<\/p>\n<p>Tr\u016bkumo simtomai: Azoto tr\u016bkumas suma\u017eina augimo spartum\u0105, pageltonuoja lapai (pradedant senesniais \/ \u017eemiausiais lapais). \u0160altesn\u0117 substrato temperat\u016bra padaro azot\u0105 ma\u017eiau prieinam\u0105 augalams.<\/p>\n<h5>Fosforas<\/h5>\n<p>Simbolis: P<br \/>\nAtominis skai\u010dius: 15<br \/>\nAtomin\u0117 mas\u0117: 30,973762<\/p>\n<p>Naudos: Fosforas naudingas s\u0117kl\u0173 daiginimui, daigelio augimui, bei \u0161akn\u0173 vystimuisi. Taip pat jis svarbus sak\u0173 gaminime, spartina \u017eiedyn\u0173 augim\u0105, bei reikalingas cukraus ir krakomo gamybai. Fosforas taip pat padidina energijos kiek\u012f.<\/p>\n<p>Tr\u016bkumo simtomai: Fosforo tr\u016bkumas suma\u017eina augimo spratum\u0105, bei formuoja ma\u017eus lapus kurie greitai nuvysta ir nukrenta. Lapai b\u016bna silpni, melsvai \u017ealsvi, kurie pasidar rausvi, o lap\u0173 kra\u0161tai atrodo lyg apdeg\u0119. Per didelis fosforo kiekis gali skatinti kalio tr\u016bkum\u0105.<\/p>\n<h5>Kalis<\/h5>\n<p>Simbolis: K<br \/>\nAtominis skai\u010dius: 19<br \/>\nAtomin\u0117 mas\u0117: 39,0983<\/p>\n<p>Naudos: Kalis yra svarbus j\u016bs\u0173 augalams med\u017eiag\u0173 apykaitos pasikeitimams \u017eyd\u0117jimo metu, bei \u017eiedyn\u0173 vystimuisi. Taip pat duoda augalui energijos, didina atsparum\u0105 ligoms, stiprina augalo tvirtum\u0105.<\/p>\n<p>Tr\u016bkumo simtomai: Kalio tr\u016bkumas suma\u017eina augimo temp\u0105. Lap\u0173 kra\u0161tai apdega ir tampa rudos spalvos, o kra\u0161tai garbanoti.<\/p>\n<h5>Kalcis<\/h5>\n<p>Simbolis: Ca<br \/>\nAtominis skai\u010dius: 20<br \/>\nAtomin\u0117 mas\u0117: 40,078<\/p>\n<p>Naudos: Kalcis yra pagrindin\u0117 l\u0105steli\u0173 sienel\u0117s sud\u0117damoji dalis. Jis stiprina stiebus, \u0161akeles, taip pat prisideda prie \u0161akn\u0173 vystimosi<\/p>\n<p>Tr\u016bkumo simtomai: Kalio tr\u016bkum\u0105 galima atpa\u017einti i\u0161 kreiv\u0173 lap\u0173 su lenktais galiukais ir garbanotais kra\u0161tais. Taip pat i\u0161sivysto silpna \u0161ankn\u0173 sistema.<\/p>\n<h5>Magnis<\/h5>\n<p>Simbolis: Mg<br \/>\nAtominis skai\u010dius: 12<br \/>\nAtomin\u0117 mas\u0117: 24,3050<\/p>\n<p>Naudos: Magnis yra reik\u0161mingas chlorofilo gamybai ir daugumai ferment\u0173 reakcij\u0173. Tai atsakinga u\u017e sveik\u0173 lap\u0173 strukt\u016br\u0105 ir gamyb\u0105. Taip pat magnis padeda susiformuoti sveikoms gysl\u0173 strukt\u016broms, ir lapams.<\/p>\n<p>Tr\u016bkumo simtomai: Magnio tr\u016bkumas kiekvien\u0105 augalo r\u016b\u0161\u012f \u012ftakos skirtingai. Da\u017eniausias simptomas yra ry\u0161k\u016bs pageltovan\u0119 lapai, ir j\u0173 nukritimas dar nenuvytus, pradedant seniausiais \/ \u017eemiausiais lapais. Per didelis magnio kiekis gali padidinti kalcio tr\u016bkum\u0105.<\/p>\n<h5>Siera<\/h5>\n<p>Simbolis: S<br \/>\nAtominis skai\u010dius: 16<br \/>\nAtomin\u0117 mas\u0117: 32,066<\/p>\n<p>Naudos: Siera, kuri yra proteino sudedamoji dalis, gyvybi\u0161kai svarbi baltim\u0173 bei chlorofilo gamybai, bei augalo vystimuisi.<\/p>\n<p>Tr\u016bkumo simtomai: Sieros tr\u016bkum\u0105 galima atpa\u017einti pagal augimo sul\u0117t\u0117jim\u0105, kartu su ma\u017eais, deformuotais lapais, kurie yra apvalios formos ir u\u017esiriete auk\u0161tyn. Lapai taps kieti ir trap\u016bs, o galiausiai nukris.<\/p>\n<h5>Manganas<\/h5>\n<p>Simbolis: Mn<br \/>\nAtominis skai\u010dius: 25<br \/>\nAtomin\u0117 mas\u0117: 54,93805<\/p>\n<p>Naudos: Manganas daugeliui ferment\u0173 yra kaip katalizatorius. Taip pat padeda fotosintezei, bei chlorofilo gamybai.<\/p>\n<p>Tr\u016bkumo simtomai: Mangano tr\u016bkumas kiekvienai augal\u0173 r\u016b\u0161iai pasirei\u0161kia \u012fvairiai. Kanap\u0117ms da\u017eniausiai pagelsta vi\u0161utiniai lapai, tuo pat metu, kai stiebas lieka gana \u017ealias. Ant lap\u0173 pavir\u0161iaus gali atsirasti balt\u0173 \/ pilk\u0173 ta\u0161k\u0173 ar d\u0117mi\u0173. Kaip \u012fprasta, tai pirmiausia pasirei\u0161kia seniausiams, \u017eemiausiams lapams. Per didelis mangano kiekis gali padidinti gele\u017eies (Fe) tr\u016bkum\u0105 (Gele\u017eies tr\u016bkumo simptomai pana\u0161\u016bs kaip ir mangano).<\/p>\n<h5>Boras<\/h5>\n<p>Simbolis: B<br \/>\nAtominis skai\u010dius: 5<br \/>\nAtomin\u0117 mas\u0117: 10,811<\/p>\n<p>Naudos: Boras padeda jud\u0117ti cukraus ir vandens dalel\u0117ms, taip pat reguliuoja j\u0173 \u012fsiurbim\u0105 \u012f l\u0105steles. Boras padeda vystitis stiebas, \u0161akel\u0117ms, ir i\u0161laiko kalc\u012f tirpioje formoje. Be to boras prisideda prie lap\u0173 vystimosi, j\u0173 spalvos ir srukt\u016bros.<\/p>\n<p>Tr\u016bkumo simtomai: Boro tr\u016bkum\u0105 galima atskirti i\u0161 i\u0161kraipyt\u0173 ar \/ ir mirusi\u0173 augalo vir\u0161\u016bni\u0173, tu\u0161\u010diaviduri\u0173 stieb\u0173 ir neteisingos formos \u017eied\u0173. Augalai d\u0117l boro tr\u016bkumo ken\u010dia nuo nudegim\u0173, o lapai garbanojasi, atsiranda d\u0117mi\u0173, praranda spalv\u0105. Pirmiausiai simtomai pasimato ant jaun\u0173, naujausiai i\u0161augusi\u0173 lapeli\u0173. Boro tr\u016bkumas pasirei\u0161kia pana\u0161iai kaip &#8220;Mg&#8221; ar &#8220;K&#8221;.<\/p>\n<h5>Cinkas<\/h5>\n<p>Simbolis: Zn<br \/>\nAtominis skai\u010dius: 30<br \/>\nAtomin\u0117 mas\u0117: 65,39<\/p>\n<p>Naudos: Cinko kiekis tiesiogiai turi \u012ftakos augal\u0173 dyd\u017eiui ir jo brendimui, nes jis yra reikalingas gaminant augalinius baltymus. Tod\u0117l Zn yra labai svarbus augant lapams ir stiebams.<\/p>\n<p>Tr\u016bkumo simtomai: Tr\u016bkstant cinko, pageltonuoja chloroplastos esan\u010dios lap\u0173 gyslose. Da\u017enai atsiranda rusv\u0173 ta\u0161keli\u0173, ar negyv\u0173 l\u0105steli\u0173 d\u0117mi\u0173 lap\u0173 pavir\u0161iuje. Pirmi simptomai pasirei\u0161kia senesniems, \u017eemiau esantiems lapams. Vegetatyvin\u0117je stadijoje augalas sulet\u0117ja aug\u0119s ir deformuojasi, o \u017eyd\u0117jimo stadijoe \u017eied\u0173 vystimasis suma\u017e\u0117ja. Per didelis kiekis Zn pasirei\u0161kia lygiai taip pat kaip ir Fe (gele\u017eies) tr\u016bkumas.<\/p>\n<h5>Varis<\/h5>\n<p>Simbolis: Cu<br \/>\nAtominis skai\u010dius: 29<br \/>\nAtomin\u0117 mas\u0117: 63,546<\/p>\n<p>Naudos: Varis padeda sveikai vystytis stiebams, \u0161akoms. Suteikia energijos. Jis b\u016btinas gaminant baltymus, bei reprodukcijai<\/p>\n<p>Tr\u016bkumo simtomai: Tr\u016bkstant vario, lapai gali tur\u0117ti melsv\u0105 atspalv\u012f, gali pageltonuoti vir\u0161\u016bn\u0117se ar kra\u0161tuose.<\/p>\n<p><center><img decoding=\"async\" class=\"foto\" src=\"img\/npk-proporcijos\/npk.jpg\" alt=\"NPK proporcijos\"><\/center><\/p>\n<p>Tikslios tr\u0105\u0161\u0173 formul\u0117s n\u0117ra, nes skirtingos veisl\u0117s m\u0117gsta \u0161iek tiek skirting\u0105 maist\u0105.<\/p>\n<h3>Vegetacija<\/h3>\n<p>Vegetacijos stadijoje reikia daugiau <b>Azoto<\/b> (N). <\/p>\n<p>Perkant kompleksines tr\u0105\u0161as N-P-K proporcijos t\u016br\u0117t\u0173 b\u016bti pana\u0161u \u012f:<br \/> <br \/>\n<b>15-5-5<\/b><br \/>ar<br \/>\n<b>20-10-12<\/b><\/p>\n<h3>\u017dyd\u0117jimas<\/h3>\n<p>\u017dyd\u0117jimo stadijoje reikia daugiau <b>Fosforo<\/b> (P). <\/p>\n<p>Perkant kompleksines tr\u0105\u0161as N-P-K proporcijos t\u016br\u0117t\u0173 b\u016bti pana\u0161u \u012f: <br \/>\n<b>10-30-10<\/b><br \/>ar<br \/>\n<b>10-30-20<\/b><\/p>\n<p>Naudota literat\u016bra:<br \/>\n<a href=\"http:\/\/www.greenpassion.org\/1651.html\" target=\"_blank\">greenpassion<\/a>,<br \/>\n<a href=\"http:\/\/www.concept420.com\/marijuana_fertilization_tips.htm\" target=\"_blank\">concept420<\/a><\/p>\n","protected":false},"excerpt":{"rendered":"<p>Svarb\u016bs faktai apie tr\u0105\u0161as Elementai: azotas (N), fosforas (P) ir kalis (K) yra svarbiausios maistin\u0117s med\u017eiagos, kurios spartina augim\u0105. Kalcis (Ca) gali b\u016bti naudojamas kontroliuoti pH. Azotas (N) u\u017etikrina greit\u0105 ir ve\u0161l\u0173 augim\u0105. Jis leid\u017eia kanap\u0117ms peraugti beveik bet kok\u012f kit\u0105 augal\u0105. Fosforas (P) daugiausia reikalingas daigui ir \u017eyd\u0117jimo periodu. Kalis (K) atsakingas u\u017e stiebo [&hellip;]<\/p>\n","protected":false},"author":2,"featured_media":0,"parent":0,"menu_order":0,"comment_status":"open","ping_status":"open","template":"","meta":{"footnotes":""},"class_list":["post-58","page","type-page","status-publish","hentry"],"_links":{"self":[{"href":"https:\/\/www.legalus.net\/kan\/wp-json\/wp\/v2\/pages\/58","targetHints":{"allow":["GET"]}}],"collection":[{"href":"https:\/\/www.legalus.net\/kan\/wp-json\/wp\/v2\/pages"}],"about":[{"href":"https:\/\/www.legalus.net\/kan\/wp-json\/wp\/v2\/types\/page"}],"author":[{"embeddable":true,"href":"https:\/\/www.legalus.net\/kan\/wp-json\/wp\/v2\/users\/2"}],"replies":[{"embeddable":true,"href":"https:\/\/www.legalus.net\/kan\/wp-json\/wp\/v2\/comments?post=58"}],"version-history":[{"count":3,"href":"https:\/\/www.legalus.net\/kan\/wp-json\/wp\/v2\/pages\/58\/revisions"}],"predecessor-version":[{"id":163,"href":"https:\/\/www.legalus.net\/kan\/wp-json\/wp\/v2\/pages\/58\/revisions\/163"}],"wp:attachment":[{"href":"https:\/\/www.legalus.net\/kan\/wp-json\/wp\/v2\/media?parent=58"}],"curies":[{"name":"wp","href":"https:\/\/api.w.org\/{rel}","templated":true}]}}